 (base 12) to base 3
212122220
Convert -1011010111110000 (base 2) to base 9.
-70801
What is 3203 (base 9) in base 7?
6600
What is 9b4 (base 13) in base 16?
684
Convert -7753 (base 13) to base 16.
-40f6
What is 424225 (base 6) in base 14?
c8ad
Convert -45251 (base 6) to base 8.
-14337
What is 17c (base 16) in base 11?
316
Convert -22201 (base 4) to base 8.
-1241
Convert -1201203 (base 4) to base 13.
-2ac3
Convert -2102233 (base 4) to base 11.
-7068
7164 (base 12) to base 2
11000000011100
What is 324332 (base 5) in base 15?
34cc
Convert 2867 (base 11) to base 4.
321313
-115865 (base 9) to base 7
-410654
Convert -240 (base 10) to base 5.
-1430
Convert -378 (base 15) to base 7.
-2204
Convert 14431 (base 5) to base 8.
2331
What is -11111101 (base 2) in base 14?
-141
Convert -11020123 (base 4) to base 13.
-974b
What is -1011230 (base 5) in base 8?
-40070
What is 51323 (base 6) in base 9?
10316
What is 30365 (base 7) in base 15?
22d2
110100010010 (base 2) to base 5
101341
Convert 12412 (base 6) to base 2.
11101011000
What is 241664 (base 7) in base 16?
ab7d
Convert 2b7 (base 15) to base 2.
1001101110
What is -41b (base 14) in base 8?
-1451
What is -9267 (base 12) in base 16?
-3e2f
Convert -35686 (base 9) to base 10.
-23892
100001100 (base 3) to base 16
19c5
Convert -4772 (base 9) to base 7.
-13226
Convert 1259 (base 13) to base 12.
1615
Convert 1342 (base 5) to base 11.
192
Convert -33a5 (base 12) to base 13.
-27c8
What is -1100100101111011 (base 2) in base 3?
-2121202100
Convert 1211200 (base 3) to base 5.
20331
Convert 1241 (base 7) to base 14.
258
What is -1c1 (base 14) in base 4?
-11231
Convert 456 (base 12) to base 15.
2cc
Convert 13114 (base 8) to base 5.
140313
-40 (base 14) to base 3
-2002
Convert 8c (base 14) to base 6.
324
What is -124566 (base 9) in base 13?
-28509
5115 (base 9) to base 8
7234
-23434 (base 5) to base 15
-7b4
What is 269 (base 10) in base 15?
12e
What is 101300 (base 4) in base 5?
14021
Convert 628 (base 11) to base 6.
3300
What is -17185 (base 10) in base 7?
-101050
-1111101110111 (base 2) to base 14
-2d15
Convert 1201010 (base 3) to base 4.
103131
Convert -1454 (base 6) to base 5.
-3034
-35135 (base 6) to base 8
-11643
What is 9c6a (base 13) in base 7?
120550
Convert -1 (base 9) to base 10.
-1
63c3 (base 15) to base 16
5274
1096 (base 12) to base 5
24332
Convert 8c9 (base 15) to base 4.
133011
Convert -4306 (base 9) to base 13.
-1596
Convert -122621 (base 7) to base 5.
-1210404
Convert -324232 (base 5) to base 13.
-512c
What is 1341 (base 5) in base 15?
eb
Convert 101001000100 (base 2) to base 4.
221010
Convert -10331323 (base 4) to base 14.
-75b5
-564 (base 12) to base 13
-493
2002331 (base 5) to base 15
9561
What is 31210120 (base 4) in base 6?
1105144
What is 189c (base 16) in base 15?
1d00
What is 223202 (base 5) in base 10?
7927
Convert -312310 (base 4) to base 13.
-179b
What is -20022201 (base 3) in base 14?
-1973
What is -5340 (base 9) in base 2?
-111101010100
-130243 (base 6) to base 11
-8924
Convert 2165 (base 8) to base 14.
5b7
Convert -645 (base 12) to base 11.
-764
Convert -3a21 (base 14) to base 13.
-4863
What is 100010 (base 2) in base 8?
42
-5220 (base 9) to base 12
-2269
2231 (base 8) to base 12
821
4584 (base 10) to base 7
16236
What is -2166 (base 8) in base 2?
-10001110110
What is 13144 (base 5) in base 6?
4505
Convert 21233 (base 7) to base 4.
1102103
-12002002 (base 3) to base 16
-e75
What is 916 (base 16) in base 14?
bc2
Convert 10a33 (base 12) to base 2.
101011011000111
What is -b55 (base 12) in base 7?
-4544
12102 (base 6) to base 8
3346
Convert 270 (base 13) to base 5.
3204
-337 (base 12) to base 13
-2a7
What is -12c5 (base 13) in base 3?
-10200212
Convert -63 (base 14) to base 16.
-57
182 (base 16) to base 6
1442
What is a30b (base 13) in base 9?
33756
-38bd (base 14) to base 4
-2123233
Convert 636 (base 8) to base 13.
25b
What is 360 (base 9) in base 3?
102000
-446 (base 10) to base 3
-121112
What is 103310 (base 5) in base 6?
24324
Convert -33a5 (base 11) to base 15.
-14d1
What is 211434 (base 5) in base 11?
5392
-1048 (base 14) to base 4
-223320
What is 11303 (base 4) in base 12?
26b
301 (base 4) to base 6
121
-1321 (base 9) to base 7
-2614
-a56 (base 15) to base 3
-10012100
What is 1010202022 (base 3) in base 16?
5792
What is 1057 (base 10) in base 14?
557
What is -20031202 (base 4) in base 6?
-415414
Convert -12530 (base 8) to base 11.
-4118
10067 (base 8) to base 9
5622
Convert 3c62 (base 16) to base 8.
36142
What is -134d (base 16) in base 15?
-16e6
What is 6d1 (base 14) in base 10?
1359
What is -19971 (base 11) in base 9?
-42104
619 (base 15) to base 8
2536
What is -9b1 (base 12) in base 16?
-595
What is 255 (base 9) in base 7?
422
Convert -1d81 (base 14) to base 15.
-1905
-340 (base 7) to base 11
-14a
What is -111010110010 (base 2) in base 16?
-eb2
What is 46163 (base 8) in base 4?
10301303
14604 (base 7) to base 13
1b12
What is -da9 (base 15) in base 8?
-6014
-4b71 (base 13) to base 8
-24763
What is -31 (base 9) in base 16?
-1c
Convert -4422421 (base 5) to base 7.
-436233
What is b98f (base 16) in base 2?
1011100110001111
-4476 (base 8) to base 14
-c10
725 (base 15) to base 2
11001001010
1447 (base 12) to base 3
10020101
What is 10110001000 (base 2) in base 11?
1078
What is 3261 (base 7) in base 14?
5d8
Convert 54055 (base 6) to base 7.
30341
What is 44451 (base 6) in base 13?
2aa9
-110233 (base 4) to base 9
-1734
1562a (base 12) to base 5
1432044
-451414 (base 6) to base 12
-19b6a
Convert 1110000100011 (base 2) to base 5.
212303
What is -110001001011011 (base 2) in base 3?
-1021112120
What is 14645 (base 12) in base 8?
67625
Convert 21200 (base 6) to base 16.
b40
What is 20264 (base 12) in base 11?
29483
-23322 (base 5) to base 2
-11010110000
What is 25 (base 6) in base 3?
122
8410 (base 11) to base 15
347d
-2112020022 (base 3) to base 10
-49742
What is -22514 (base 8) in base 2?
-10010101001100
Convert -cfc0 (base 16) to base 12.
-26940
What is -16a4 (base 13) in base 5?
-101340
What is -1b23 (base 15) in base 9?
-8056
Convert -256 (base 7) to base 6.
-351
Convert -41522 (base 10) to base 5.
-2312042
-844 (base 16) to base 7
-6112
-1ed4 (base 16) to base 6
-100312
What is 6313 (base 8) in base 2?
110011001011
What is 424 (base 7) in base 5?
1324
Convert -2201120 (base 3) to base 9.
-2646
-169 (base 10) to base 11
-144
Convert 67d (base 15) to base 12.
a24
4546 (base 7) to base 2
11001110011
Convert -130332 (base 4) to base 10.
-1854
Convert -19248 (base 13) to base 3.
-2110211220
Convert -1010110101 (base 2) to base 10.
-693
-476a (base 13) to base 3
-111210120
Convert 84 (base 16) to base 13.
a2
Convert -336a9 (base 13) to base 16.
-16cf3
Convert b10 (base 12) to base 4.
120330
What is -16303 (base 11) in base 8?
-54721
What is 3003012 (base 4) in base 12?
7286
What is 233 (base 4) in base 12?
3b
What is 2896 (base 13) in base 8?
13355
What is 102222 (base 4) in base 12?
836
83c (base 13) to base 5
21103
Convert 142 (base 10) to base 12.
ba
Convert -101220020 (base 3) to base 9.
-11806
Convert -222212 (base 3) to base 5.
-10400
Convert -108a (base 16) to base 15.
-13c4
Convert 343234 (base 6) to base 3.
1111010111
Convert 2436 (base 7) to base 2.
1110001101
Convert 1545 (base 8) to base 15.
3ce
Convert 376 (base 14) to base 7.
2006
What is -121 (base 11) in base 14?
-a4
32101 (base 4) to base 13
553
-110001000010000 (base 2) to base 10
-25104
13305 (base 7) to base 12
20a6
11544 (base 6) to base 16
6b8
Convert -21103312 (base 4) to base 11.
-26718
Convert -8a9 (base 11) to base 16.
-43f
101010101 (base 2) to base 14
1a5
11847 (base 11) to base 5
1020431
Convert 1322021 (base 4) to base 5.
222232
40423 (base 5) to base 2
101000110101
-8104 (base 12) to base 11
-a552
What is 113 (base 4) in base 16?
17
What is -105275 (base 8) in base 9?
-53643
Convert -4 (base 9) to base 3.
-11
What is 62306 (base 9) in base 10?
41073
Convert 334 (base 8) to base 15.
ea
Convert 120101102 (base 3) to base 8.
25720
1000011110101101 (base 2) to base 15
a458
What is 1441 (base 13) in base 15?
d01
What is -8bc0 (base 14) in base 5?
-1234101
33311333 (base 4) to base 5
4034040
Convert 101110001 (base 2) to base 3.
111200
-3021 (base 4) to base 10
-201
What is -9b0 (base 14) in base 10?
-1918
-2af4 (bas